1. Let x be i(9). Suppose -5*g - x = -9*g. List the prime factors of g.
2, 19, 23
Let b = 1894 - 902. Suppose -2*v = -6*q + q + b, -2*v + 608 = 3*q. Suppose -4*f - 7*k + 2*k = -q, -4*k + 16 = 0. List the prime factors of f.
3, 5
Suppose 4*a - 4*r = 187688, -5*a + 8*r + 234570 = 11*r. List the prime factors of a.
3, 13, 401
Let w = -31 - -32. Suppose -4 - w = 5*y. List the prime factors of -2 - (-1)/(y/(-131)).
3, 43
Let i = 490 + -497. Let s(t) = -t**3 - 3*t**2 - 19*t - 20. What are the prime factors of s(i)?
3, 103
Let n be (1*64/(-10))/((-31)/155). Suppose n*l - 18428 = 31652. List the prime factors of l.
5, 313
Suppose -2*f + q = 5*q - 20, 2*q - 28 = -4*f. What are the prime factors of f*((-15036)/18)/(-7)?
2, 179
Let g(u) = -u**3 - 3*u**2 - 10*u - 14. Suppose -66*w = -61*w + 30. Let a be g(w). Suppose 2*i + 2*i + m - 206 = 0, -m = 3*i - a. List the prime factors of i.
2, 13
Let n(i) = -i**3 + 45*i**2 + 41*i + 313. List the prime factors of n(-23).
2, 41, 431
Let c be (-99)/132 + 4042/(-8). Let y = 1268 + c. List the prime factors of y/4 - (-2 + 21/14).
191
Suppose -3*w = 5*h - 28429, -149*h + 152*h = -4*w + 37887. What are the prime factors of w?
2, 3, 263
List the prime factors of 24/(-7) + 3 - (-768940)/140.
2, 1373
Suppose -i + 6*i + 16360 = 5*v, 6530 = 2*v + 5*i. List the prime factors of v.
2, 3, 5, 109
Suppose 12 - 18 = -2*k. Suppose -k*s + 4*l = -18, -s - 4 = -0*s + 2*l. Suppose s*g = 71 + 115. What are the prime factors of g?
3, 31
Suppose 118169 = 17*n + 56*n - 76814. List the prime factors of n.
2671
Suppose -59*t + 104*t - 10095118 = -164*t. What are the prime factors of t?
2, 24151
Let a(t) = -4*t**2 + 14*t - 6. Let f(x) = -4*x**2 + 15*x - 6. Let w(o) = -6*a(o) + 5*f(o). What are the prime factors of w(2)?
2
Let u be ((-15)/6)/(10/(-12)). What are the prime factors of u/(-24) - (8162/(-16) + -3)?
3, 19
Suppose 223*w = -5*x + 219*w + 226545, 0 = -3*x - 2*w + 135929. List the prime factors of x.
113, 401
Let c(q) = -q**2 + 8*q - 10. Suppose -60 = -4*p - 6*p. Let w be c(p). Suppose 8*o = w*o + 594. List the prime factors of o.
3, 11
Let a = 1109 - 265. Let d = a + 88. Suppose 5*g = c + 1172, 7*g + 2*c - d = 3*g. List the prime factors of g.
2, 3, 13
Suppose 0 = -2*c + 5*i - 133 - 102, -4*c - 5*i = 515. Let r = c + 154. List the prime factors of r.
29
Let y(s) = -6*s + 208 + 14*s - 5 + 10*s + 48. What are the prime factors of y(49)?
11, 103
Let g(p) = p**3 + 12*p**2 + 47. Let w = -178 + 167. What are the prime factors of g(w)?
2, 3, 7
Suppose -3*j - 8 = j. Let g be 5*(-91)/35*3. List the prime factors of (13/g)/(j/1446).
241
Suppose 0 = -5*v - j + 50483, -j + 10085 = v + 5*j. List the prime factors of v.
23, 439
Suppose 0 = 177*q - 139*q - 234346. What are the prime factors of q?
7, 881
Let q(j) = 139*j**3 - 5*j**2 + 70*j - 497. What are the prime factors of q(6)?
17, 103
Let o be 143/(-104) + 1 + (-6)/(-16). Suppose 5*f - 23*f + 6660 = o. List the prime factors of f.
2, 5, 37
Let k be 2/(-3) + (-22)/(-6). Suppose -k*i + i = -30. Suppose -3*n - 3 = -4*y + 3*y, -i = -5*n. List the prime factors of y.
2, 3
Let k(x) = -x**2 - 22*x + 2. Let h be k(-21). Let r be -20 + h - (-1 + -36). Suppose -30*m + 28*m = -r. List the prime factors of m.
2, 5
Let c = 125 + -122. Suppose 0 = -c*i - 6, -3*i + 161 - 2767 = -4*m. What are the prime factors of m?
2, 5, 13
Let d(t) = t - 19. Let v be d(19). Let w(b) = -b**3 - 2*b**2 - b + 85. Let l be w(v). Let q = 119 - l. What are the prime factors of q?
2, 17
Suppose -7*z - 349 = 435. Let w be (-7 - (-25)/20)/(2/z). List the prime factors of 3/((-1282)/w + 4).
7, 23
List the prime factors of ((-8477442)/(-2114))/(((-2)/7)/(-2)).
3, 3119
Let t = -10519 - -46833. List the prime factors of t.
2, 67, 271
Let i(k) be the second derivative of -20*k**3/3 + 2*k**2 - 4*k. Suppose -1 = -4*d - 5. List the prime factors of i(d).
2, 11
Let y be -65 + (-28)/5 + 63/105. Let g = 174 + y. List the prime factors of g.
2, 13
Let v(x) = 5*x**3 + 35*x**2 - 13*x - 73. Let b(q) = -q**3 - 6*q**2 - 3*q**2 + 18 + 3*q + 0*q**2. Let y(a) = 9*b(a) + 2*v(a). List the prime factors of y(11).
3
Let t(f) be the second derivative of 77*f**3/6 - 55*f**2/2 + 7*f. List the prime factors of t(3).
2, 11
Suppose -39 = i - 35, 0 = -m - i - 325. Let k = m - -650. What are the prime factors of k?
7, 47
Let v be 1 - 331/(-4) - (-15)/60. Suppose 2*w - 9*w - v = 0. What are the prime factors of 1034/6 - (1 + 8/w)?
2, 43
Suppose 163615 = 5*o - 5*a, 3*o - 98170 = -5*a + 7*a. What are the prime factors of o?
2, 3, 101
Let i(d) = d**3 + 22*d**2 + 36*d + 32. Suppose 23*o - 37 + 474 = 0. List the prime factors of i(o).
431
Suppose -324*k - 196038 = -342*k. What are the prime factors of k?
10891
Let c(a) = -716*a + 536. What are the prime factors of c(-4)?
2, 5, 17
Suppose -3*f = -116 - 1168. Suppose 6*a - f = 880. List the prime factors of a.
2, 109
Suppose -m - 7 = -20. Let l = m - 12. What are the prime factors of (2 - l)/(2 + 564/(-284))?
71
Let w(x) be the third derivative of 7*x**6/4 + x**5/15 - x**4/4 + x**3/6 + 10*x**2. List the prime factors of w(1).
11, 19
Suppose 37*t = -83*t - 37*t + 1146414. List the prime factors of t.
2, 3, 1217
Let g = 151 - 121. What are the prime factors of ((-544)/(-12))/(4/g)?
2, 5, 17
Suppose 41*m - 35*m - 72 = 0. Suppose 4*n = m*n - 704. Suppose -5*s - n = -o, -4*o - s = -8*o + 409. What are the prime factors of o?
103
Suppose -j - 4983 = -d, 5*d + 11*j - 6*j = 24855. What are the prime factors of d?
3, 7, 79
Let z(o) be the first derivative of 2*o**3 + 52*o**2 - 2*o - 74. List the prime factors of z(-20).
2, 3, 53
Suppose 0 = -3*s + 2*w + 1839, -47*s + 50*s + w = 1830. What are the prime factors of s?
13, 47
Let n = -314 - -176. What are the prime factors of 6 + -1 - n - -3?
2, 73
Suppose 0 = 2*k, -4*k = 2*v - 13 + 37. List the prime factors of -4*-36*((-8)/v + 4).
2, 3, 7
Let q(v) = -45*v - 269. Let k be q(-6). What are the prime factors of (6928/20 + k)/(24/80)?
2, 3, 193
Let a = 308 - 156. List the prime factors of 7/(-14)*a*-2.
2, 19
Let k be ((-7)/(-2) - 4) + 25/2. Suppose 0 = 6*r + k - 30. Suppose -159 = r*v - 4*v. List the prime factors of v.
3, 53
Let x = -12495 + 19357. What are the prime factors of x?
2, 47, 73
Suppose -m - 3*u + 21 = 25, -4*m = -u + 3. What are the prime factors of (-256 + (-18 - -8))*(-1 + m)?
2, 7, 19
Let o = -137168 + 208723. List the prime factors of o.
5, 11, 1301
Let d = -582 - -1035. Suppose d = -487*h + 488*h. What are the prime factors of h?
3, 151
Let u = 38 + -38. Let s(z) = -z**3 - 2*z**2 + 1. Let i be s(u). What are the prime factors of (-8)/4*i*-23?
2, 23
Let q be ((-24)/42)/((-2)/56). Suppose 0 = -5*i + q*i - 3806. List the prime factors of i.
2, 173
Let i = -79 - -215. Suppose i = -d + 494. List the prime factors of d.
2, 179
Let x be 1*(-1 + -17 + -1). Let f = x - -19. List the prime factors of 177 + -30 + (1 - f).
2, 37
Let s(r) = r**3 + 12*r**2 - 34*r - 45. List the prime factors of s(20).
3, 5, 7, 23
Let z = 15068 - -3385. What are the prime factors of z?
3, 6151
Let t = -54 + 56. Suppose -t*j = -15*j + 7670. List the prime factors of j.
2, 5, 59
Let z be (218/(-3))/(36/(-2646)). Suppose -16*p - 189 = -z. What are the prime factors of p?
2, 7, 23
Suppose 0 = -3*f + 5*k - 533179, 5*f + 849440 + 39181 = 3*k. What are the prime factors of (-2)/((-39260)/f - 2/9)?
7, 31
Suppose 382 = 3*u - 173. Suppose l - u = -a, -4*a - 3*l = -6*a + 355. What are the prime factors of a?
2, 7, 13
Suppose -3027738 = -56*j + 949613 - 250663. List the prime factors of j.
2, 127, 131
Let p(s) = 634*s + 350. List the prime factors of p(19).
2, 3, 1033
Suppose -15268 = 1760*c - 1762*c. List the prime factors of c.
2, 11, 347
Let c = -669 - -3002. What are the prime factors of c?
2333
Let c = -1290 + 7511. What are the prime factors of c?
6221
Let a = -22166 - -38945. What are the prime factors of a?
3, 7, 17, 47
Suppose -2*p = 535*y - 530*y - 1905, 5*p + y - 4728 = 0. What are the prime factors of p?
3, 5, 7
List the prime factors of -6 + (-27)/36*22*(-2824)/6.
2, 5, 97
Suppose -h = -2*w + 377, -2269 + 397 = 5*h + 3*w. Let f be (-1716)/1287*18/8. What are the prime factors of f/(-6) - (h/6 - -1)?
2, 31
List the prime factors of (-9)/(-2)*197720/15.
2, 3, 4943
Let l be (-74)/(-16) + 6/16. Let